{"id":26,"date":"2021-12-05T13:14:10","date_gmt":"2021-12-05T12:14:10","guid":{"rendered":"http:\/\/raymansoutfit.com\/?page_id=26"},"modified":"2022-05-13T20:49:34","modified_gmt":"2022-05-13T19:49:34","slug":"ueber-uns","status":"publish","type":"page","link":"https:\/\/raymansoutfit.com\/title\/ueber-uns\/","title":{"rendered":"\u00dcber Uns"},"content":{"rendered":"\t\t<div data-elementor-type=\"wp-page\" data-elementor-id=\"26\" class=\"elementor elementor-26\">\n\t\t\t\t\t\t<section class=\"elementor-section elementor-top-section elementor-element elementor-element-b205628 elementor-section-boxed elementor-section-height-default elementor-section-height-default\" data-id=\"b205628\" data-element_type=\"section\" data-e-type=\"section\">\n\t\t\t\t\t\t<div class=\"elementor-container elementor-column-gap-default\">\n\t\t\t\t\t<div class=\"elementor-column elementor-col-100 elementor-top-column elementor-element elementor-element-a6d3859\" data-id=\"a6d3859\" data-element_type=\"column\" data-e-type=\"column\">\n\t\t\t<div class=\"elementor-widget-wrap elementor-element-populated\">\n\t\t\t\t\t\t<div class=\"elementor-element elementor-element-2004969 elementor-widget elementor-widget-heading\" data-id=\"2004969\" data-element_type=\"widget\" data-e-type=\"widget\" data-widget_type=\"heading.default\">\n\t\t\t\t<div class=\"elementor-widget-container\">\n\t\t\t\t\t<h1 class=\"elementor-heading-title elementor-size-default\">\u00dcber Uns<\/h1>\t\t\t\t<\/div>\n\t\t\t\t<\/div>\n\t\t\t\t\t<\/div>\n\t\t<\/div>\n\t\t\t\t\t<\/div>\n\t\t<\/section>\n\t\t\t\t<section class=\"elementor-section elementor-top-section elementor-element elementor-element-354fc38 elementor-section-boxed elementor-section-height-default elementor-section-height-default\" data-id=\"354fc38\" data-element_type=\"section\" data-e-type=\"section\">\n\t\t\t\t\t\t<div class=\"elementor-container elementor-column-gap-default\">\n\t\t\t\t\t<div class=\"elementor-column elementor-col-100 elementor-top-column elementor-element elementor-element-8fceebe\" data-id=\"8fceebe\" data-element_type=\"column\" data-e-type=\"column\">\n\t\t\t<div class=\"elementor-widget-wrap elementor-element-populated\">\n\t\t\t\t\t\t<div class=\"elementor-element elementor-element-fcae8ee elementor-widget elementor-widget-heading\" data-id=\"fcae8ee\" data-element_type=\"widget\" data-e-type=\"widget\" data-widget_type=\"heading.default\">\n\t\t\t\t<div class=\"elementor-widget-container\">\n\t\t\t\t\t<h2 class=\"elementor-heading-title elementor-size-default\">Viel Erfahrung, Liebe zum Handwerk &amp; Detail und vor allem auch Lebensfreude zeichnen uns aus.<\/h2>\t\t\t\t<\/div>\n\t\t\t\t<\/div>\n\t\t\t\t\t<\/div>\n\t\t<\/div>\n\t\t\t\t\t<\/div>\n\t\t<\/section>\n\t\t\t\t<section class=\"elementor-section elementor-top-section elementor-element elementor-element-0869fc2 elementor-section-boxed elementor-section-height-default elementor-section-height-default\" data-id=\"0869fc2\" data-element_type=\"section\" data-e-type=\"section\">\n\t\t\t\t\t\t<div class=\"elementor-container elementor-column-gap-default\">\n\t\t\t\t\t<div class=\"elementor-column elementor-col-50 elementor-top-column elementor-element elementor-element-78f5dd0\" data-id=\"78f5dd0\" data-element_type=\"column\" data-e-type=\"column\">\n\t\t\t<div class=\"elementor-widget-wrap elementor-element-populated\">\n\t\t\t\t\t\t<div class=\"elementor-element elementor-element-62771e7 elementor-widget elementor-widget-text-editor\" data-id=\"62771e7\" data-element_type=\"widget\" data-e-type=\"widget\" data-widget_type=\"text-editor.default\">\n\t\t\t\t<div class=\"elementor-widget-container\">\n\t\t\t\t\t\t\t\t\t<p>Egal wie schwierig manche Auftr\u00e4ge erscheinen m\u00f6gen, komm vorbei oder melde Dich &#8211; wir finden bestimmt eine L\u00f6sung, die echt begeistert und die durch unsere Professionalit\u00e4t \u00fcberzeugt. <br \/><br \/>Wir stehen auf L\u00f6sungen, die nicht nur schick sind, sondern die auch lange halten!<br \/><br \/><\/p><p>Hier bekommst Du ein paar Eindr\u00fccke von unserer ungew\u00f6hnlichen Sattlerei, in der wir besonders gern Leder, aber auch viele andere Materialien mit Liebe zum Detail und Fachwissen gekonnt verarbeiten.\u00a0<br \/><br \/><\/p><p>Schicke Beispiele von Polsterungen f\u00fcr Autos, Leders\u00e4ttel f\u00fcr Motorr\u00e4der, individuelle Bootsausstattungen oder auch Spezialanfertigungen f\u00fcr die Gastronomie findest Du direkt aus unserem Arbeitsalltag fotografiert unter der Rubrik Service.\u00a0Bis bald!<br \/><br \/><\/p><p>Christoph Reimann<\/p>\t\t\t\t\t\t\t\t<\/div>\n\t\t\t\t<\/div>\n\t\t\t\t\t<\/div>\n\t\t<\/div>\n\t\t\t\t<div class=\"elementor-column elementor-col-50 elementor-top-column elementor-element elementor-element-1f96b2d\" data-id=\"1f96b2d\" data-element_type=\"column\" data-e-type=\"column\">\n\t\t\t<div class=\"elementor-widget-wrap elementor-element-populated\">\n\t\t\t\t\t\t<div class=\"elementor-element elementor-element-87dd776 elementor-arrows-position-inside elementor-pagination-position-outside elementor-widget elementor-widget-image-carousel\" data-id=\"87dd776\" data-element_type=\"widget\" data-e-type=\"widget\" data-settings=\"{&quot;navigation&quot;:&quot;both&quot;,&quot;autoplay&quot;:&quot;yes&quot;,&quot;pause_on_hover&quot;:&quot;yes&quot;,&quot;pause_on_interaction&quot;:&quot;yes&quot;,&quot;autoplay_speed&quot;:5000,&quot;infinite&quot;:&quot;yes&quot;,&quot;speed&quot;:500}\" data-widget_type=\"image-carousel.default\">\n\t\t\t\t<div class=\"elementor-widget-container\">\n\t\t\t\t\t\t\t<div class=\"elementor-image-carousel-wrapper swiper\" role=\"region\" aria-roledescription=\"carousel\" aria-label=\"Bild Karussell\" dir=\"ltr\">\n\t\t\t<div class=\"elementor-image-carousel swiper-wrapper\" aria-live=\"off\">\n\t\t\t\t\t\t\t\t<div class=\"swiper-slide\" role=\"group\" aria-roledescription=\"slide\" aria-label=\"1 von 6\"><figure class=\"swiper-slide-inner\"><img decoding=\"async\" class=\"swiper-slide-image\" src=\"https:\/\/raymansoutfit.com\/wp-content\/uploads\/2021\/12\/Christoph-vor-seiner-Sattlerei-300x234.jpg\" alt=\"Christoph gl\u00fccklich auf einem Motorrad vor seiner Sattlerei\" \/><\/figure><\/div><div class=\"swiper-slide\" role=\"group\" aria-roledescription=\"slide\" aria-label=\"2 von 6\"><figure class=\"swiper-slide-inner\"><img decoding=\"async\" class=\"swiper-slide-image\" src=\"https:\/\/raymansoutfit.com\/wp-content\/uploads\/2021\/12\/IMG_3672-Christoph-Reimann-und-Assistentin-300x300.jpeg\" alt=\"Christoph Reimann mit Assisitentin\" \/><\/figure><\/div><div class=\"swiper-slide\" role=\"group\" aria-roledescription=\"slide\" aria-label=\"3 von 6\"><figure class=\"swiper-slide-inner\"><img decoding=\"async\" class=\"swiper-slide-image\" src=\"https:\/\/raymansoutfit.com\/wp-content\/uploads\/2021\/12\/Sattlerei-Raymans-Outfit-mit-Ka\u0308tzchen-Roller-225x300.jpeg\" alt=\"S\u00fc\u00dfe Kitty-Vespas\" \/><\/figure><\/div><div class=\"swiper-slide\" role=\"group\" aria-roledescription=\"slide\" aria-label=\"4 von 6\"><figure class=\"swiper-slide-inner\"><img decoding=\"async\" class=\"swiper-slide-image\" src=\"https:\/\/raymansoutfit.com\/wp-content\/uploads\/2021\/11\/IMG_1044-300x224.jpeg\" alt=\"Aush\u00e4ngeschild Rayman&#039;s Outfit Sattlerei Berlin\" \/><\/figure><\/div><div class=\"swiper-slide\" role=\"group\" aria-roledescription=\"slide\" aria-label=\"5 von 6\"><figure class=\"swiper-slide-inner\"><img decoding=\"async\" class=\"swiper-slide-image\" src=\"https:\/\/raymansoutfit.com\/wp-content\/uploads\/2021\/12\/Spass-mit-Spezialauftra\u0308gen-wie-Bu\u0308ffelhorn-224x300.jpeg\" alt=\"Christoph mit Longhorn-B\u00fcffelsch\u00e4del\" \/><\/figure><\/div><div class=\"swiper-slide\" role=\"group\" aria-roledescription=\"slide\" aria-label=\"6 von 6\"><figure class=\"swiper-slide-inner\"><img decoding=\"async\" class=\"swiper-slide-image\" src=\"https:\/\/raymansoutfit.com\/wp-content\/uploads\/2021\/12\/Ansicht-Sattlerei-Raymans-Outfit-300x224.jpeg\" alt=\"Longhorn-B\u00fcffelh\u00f6rner vor Sattlerei Rayman&#039;s Outfit\" \/><\/figure><\/div>\t\t\t<\/div>\n\t\t\t\t\t\t\t\t\t\t\t\t<div class=\"elementor-swiper-button elementor-swiper-button-prev\" role=\"button\" tabindex=\"0\">\n\t\t\t\t\t\t<i aria-hidden=\"true\" class=\"eicon-chevron-left\"><\/i>\t\t\t\t\t<\/div>\n\t\t\t\t\t<div class=\"elementor-swiper-button elementor-swiper-button-next\" role=\"button\" tabindex=\"0\">\n\t\t\t\t\t\t<i aria-hidden=\"true\" class=\"eicon-chevron-right\"><\/i>\t\t\t\t\t<\/div>\n\t\t\t\t\n\t\t\t\t\t\t\t\t\t<div class=\"swiper-pagination\"><\/div>\n\t\t\t\t\t\t\t\t\t<\/div>\n\t\t\t\t\t\t<\/div>\n\t\t\t\t<\/div>\n\t\t\t\t<div class=\"elementor-element elementor-element-d80361c elementor-widget elementor-widget-video\" data-id=\"d80361c\" data-element_type=\"widget\" data-e-type=\"widget\" data-settings=\"{&quot;youtube_url&quot;:&quot;https:\\\/\\\/www.youtube.com\\\/watch?v=eOmlXQgoShU&quot;,&quot;video_type&quot;:&quot;youtube&quot;,&quot;controls&quot;:&quot;yes&quot;}\" data-widget_type=\"video.default\">\n\t\t\t\t<div class=\"elementor-widget-container\">\n\t\t\t\t\t\t\t<div class=\"elementor-wrapper elementor-open-inline\">\n\t\t\t<div class=\"elementor-video\"><\/div>\t\t<\/div>\n\t\t\t\t\t\t<\/div>\n\t\t\t\t<\/div>\n\t\t\t\t<div class=\"elementor-element elementor-element-1e9f7df elementor-widget elementor-widget-image\" data-id=\"1e9f7df\" data-element_type=\"widget\" data-e-type=\"widget\" data-widget_type=\"image.default\">\n\t\t\t\t<div class=\"elementor-widget-container\">\n\t\t\t\t\t\t\t\t\t\t\t\t\t\t\t<img fetchpriority=\"high\" decoding=\"async\" width=\"1021\" height=\"1024\" src=\"https:\/\/raymansoutfit.com\/wp-content\/uploads\/2021\/12\/IMG_3672-Christoph-Reimann-und-Assistentin-1021x1024.jpeg\" class=\"attachment-large size-large wp-image-366\" alt=\"Christoph Reimann mit Assisitentin\" srcset=\"https:\/\/raymansoutfit.com\/wp-content\/uploads\/2021\/12\/IMG_3672-Christoph-Reimann-und-Assistentin-1021x1024.jpeg 1021w, https:\/\/raymansoutfit.com\/wp-content\/uploads\/2021\/12\/IMG_3672-Christoph-Reimann-und-Assistentin-300x300.jpeg 300w, https:\/\/raymansoutfit.com\/wp-content\/uploads\/2021\/12\/IMG_3672-Christoph-Reimann-und-Assistentin-150x150.jpeg 150w, https:\/\/raymansoutfit.com\/wp-content\/uploads\/2021\/12\/IMG_3672-Christoph-Reimann-und-Assistentin-768x770.jpeg 768w, https:\/\/raymansoutfit.com\/wp-content\/uploads\/2021\/12\/IMG_3672-Christoph-Reimann-und-Assistentin.jpeg 1150w\" sizes=\"(max-width: 1021px) 100vw, 1021px\" \/>\t\t\t\t\t\t\t\t\t\t\t\t\t\t\t<\/div>\n\t\t\t\t<\/div>\n\t\t\t\t\t<\/div>\n\t\t<\/div>\n\t\t\t\t\t<\/div>\n\t\t<\/section>\n\t\t\t\t<section class=\"elementor-section elementor-top-section elementor-element elementor-element-40b94a5 elementor-section-boxed elementor-section-height-default elementor-section-height-default\" data-id=\"40b94a5\" data-element_type=\"section\" data-e-type=\"section\">\n\t\t\t\t\t\t<div class=\"elementor-container elementor-column-gap-default\">\n\t\t\t\t\t<div class=\"elementor-column elementor-col-100 elementor-top-column elementor-element elementor-element-13075ee\" data-id=\"13075ee\" data-element_type=\"column\" data-e-type=\"column\">\n\t\t\t<div class=\"elementor-widget-wrap\">\n\t\t\t\t\t\t\t<\/div>\n\t\t<\/div>\n\t\t\t\t\t<\/div>\n\t\t<\/section>\n\t\t\t\t<\/div>\n\t\t","protected":false},"excerpt":{"rendered":"<p>\u00dcber Uns Viel Erfahrung, Liebe zum Handwerk &amp; Detail und vor allem auch Lebensfreude zeichnen uns aus. Egal wie schwierig manche Auftr\u00e4ge erscheinen m\u00f6gen, komm vorbei oder melde Dich &#8211; wir finden bestimmt eine L\u00f6sung, die echt begeistert und die durch unsere Professionalit\u00e4t \u00fcberzeugt. Wir stehen auf L\u00f6sungen, die nicht nur schick sind, sondern die [&hellip;]<\/p>\n","protected":false},"author":1,"featured_media":0,"parent":0,"menu_order":0,"comment_status":"closed","ping_status":"closed","template":"elementor_theme","meta":{"site-sidebar-layout":"default","site-content-layout":"","ast-site-content-layout":"default","site-content-style":"default","site-sidebar-style":"default","ast-global-header-display":"","ast-banner-title-visibility":"","ast-main-header-display":"","ast-hfb-above-header-display":"","ast-hfb-below-header-display":"","ast-hfb-mobile-header-display":"","site-post-title":"disabled","ast-breadcrumbs-content":"","ast-featured-img":"","footer-sml-layout":"","ast-disable-related-posts":"","theme-transparent-header-meta":"","adv-header-id-meta":"","stick-header-meta":"","header-above-stick-meta":"","header-main-stick-meta":"","header-below-stick-meta":"","astra-migrate-meta-layouts":"default","ast-page-background-enabled":"default","ast-page-background-meta":{"desktop":{"background-color":"var(--ast-global-color-4)","background-image":"","background-repeat":"repeat","background-position":"center center","background-size":"auto","background-attachment":"scroll","background-type":"","background-media":"","overlay-type":"","overlay-color":"","overlay-opacity":"","overlay-gradient":""},"tablet":{"background-color":"","background-image":"","background-repeat":"repeat","background-position":"center center","background-size":"auto","background-attachment":"scroll","background-type":"","background-media":"","overlay-type":"","overlay-color":"","overlay-opacity":"","overlay-gradient":""},"mobile":{"background-color":"","background-image":"","background-repeat":"repeat","background-position":"center center","background-size":"auto","background-attachment":"scroll","background-type":"","background-media":"","overlay-type":"","overlay-color":"","overlay-opacity":"","overlay-gradient":""}},"ast-content-background-meta":{"desktop":{"background-color":"var(--ast-global-color-5)","background-image":"","background-repeat":"repeat","background-position":"center center","background-size":"auto","background-attachment":"scroll","background-type":"","background-media":"","overlay-type":"","overlay-color":"","overlay-opacity":"","overlay-gradient":""},"tablet":{"background-color":"var(--ast-global-color-5)","background-image":"","background-repeat":"repeat","background-position":"center center","background-size":"auto","background-attachment":"scroll","background-type":"","background-media":"","overlay-type":"","overlay-color":"","overlay-opacity":"","overlay-gradient":""},"mobile":{"background-color":"var(--ast-global-color-5)","background-image":"","background-repeat":"repeat","background-position":"center center","background-size":"auto","background-attachment":"scroll","background-type":"","background-media":"","overlay-type":"","overlay-color":"","overlay-opacity":"","overlay-gradient":""}},"footnotes":""},"class_list":["post-26","page","type-page","status-publish","hentry"],"_links":{"self":[{"href":"https:\/\/raymansoutfit.com\/title\/wp-json\/wp\/v2\/pages\/26","targetHints":{"allow":["GET"]}}],"collection":[{"href":"https:\/\/raymansoutfit.com\/title\/wp-json\/wp\/v2\/pages"}],"about":[{"href":"https:\/\/raymansoutfit.com\/title\/wp-json\/wp\/v2\/types\/page"}],"author":[{"embeddable":true,"href":"https:\/\/raymansoutfit.com\/title\/wp-json\/wp\/v2\/users\/1"}],"replies":[{"embeddable":true,"href":"https:\/\/raymansoutfit.com\/title\/wp-json\/wp\/v2\/comments?post=26"}],"version-history":[{"count":99,"href":"https:\/\/raymansoutfit.com\/title\/wp-json\/wp\/v2\/pages\/26\/revisions"}],"predecessor-version":[{"id":1241,"href":"https:\/\/raymansoutfit.com\/title\/wp-json\/wp\/v2\/pages\/26\/revisions\/1241"}],"wp:attachment":[{"href":"https:\/\/raymansoutfit.com\/title\/wp-json\/wp\/v2\/media?parent=26"}],"curies":[{"name":"wp","href":"https:\/\/api.w.org\/{rel}","templated":true}]}}